e the greatest common factor of 1309 and 30481.
187
What is the highest common factor of 3392960 and 320?
320
What is the highest common divisor of 56 and 422982?
14
Calculate the highest common factor of 2665615 and 205.
205
What is the highest common divisor of 16779 and 124691?
329
What is the greatest common factor of 464 and 188152?
232
What is the greatest common divisor of 156 and 25836?
12
Calculate the greatest common factor of 48334 and 33.
11
What is the greatest common factor of 47684 and 77532?
364
Calculate the greatest common divisor of 2065 and 34515.
295
What is the highest common factor of 416 and 13696?
32
Calculate the highest common factor of 256 and 72256.
64
Calculate the highest common factor of 213 and 6387.
3
What is the greatest common divisor of 17949 and 2139?
93
What is the highest common factor of 12192 and 176?
16
Calculate the highest common divisor of 73321 and 187.
17
What is the greatest common divisor of 140 and 400540?
140
What is the highest common factor of 29557934 and 17?
17
Calculate the highest common divisor of 17100 and 69084.
684
What is the highest common divisor of 230280 and 2820?
60
Calculate the highest common factor of 1620 and 1053.
81
What is the greatest common factor of 73 and 8469971?
73
Calculate the highest common divisor of 510 and 2297295.
255
Calculate the greatest common divisor of 7452 and 31188.
276
What is the highest common divisor of 1233 and 108?
9
What is the greatest common divisor of 1584 and 141552?
144
What is the highest common factor of 24 and 47512?
8
Calculate the highest common divisor of 322297 and 19.
19
What is the highest common factor of 102242 and 268?
134
Calculate the greatest common factor of 820 and 1527250.
410
Calculate the greatest common factor of 28334 and 186.
62
What is the highest common factor of 22705 and 1216?
19
What is the highest common divisor of 90000 and 2064?
48
What is the greatest common divisor of 36 and 47616?
12
What is the highest common factor of 27530 and 3260?
10
What is the highest common divisor of 468 and 260?
52
Calculate the greatest common factor of 2475 and 3168.
99
Calculate the greatest common divisor of 19646 and 2726.
94
What is the greatest common factor of 125886 and 96?
6
What is the greatest common divisor of 17 and 682091?
17
Calculate the highest common divisor of 19021 and 253.
23
Calculate the highest common factor of 289 and 7089.
17
What is the greatest common divisor of 82218 and 20022?
426
Calculate the greatest common factor of 1206 and 733114.
134
Calculate the highest common factor of 996 and 331917.
249
Calculate the greatest common factor of 6592 and 36736.
64
Calculate the greatest common factor of 770688 and 27.
27
What is the greatest common factor of 63024 and 32?
16
Calculate the greatest common factor of 806 and 2158.
26
Calculate the greatest common factor of 46989 and 69.
69
What is the highest common factor of 9126 and 52299?
351
Calculate the greatest common factor of 2028 and 18083.
169
Calculate the greatest common divisor of 140616 and 3618.
54
Calculate the highest common factor of 17967 and 1356.
339
What is the greatest common factor of 71953 and 532?
133
What is the highest common divisor of 28046 and 32?
2
What is the highest common factor of 3954 and 834?
6
Calculate the highest common factor of 4456 and 173227.
557
Calculate the greatest common divisor of 42 and 16429.
7
Calculate the greatest common divisor of 860 and 123496.
172
What is the greatest common divisor of 6608 and 1475?
59
Calculate the highest common factor of 13 and 208663.
13
Calculate the highest common factor of 234 and 330798.
78
What is the highest common factor of 940 and 7849?
47
What is the highest common factor of 8984 and 112?
8
Calculate the highest common divisor of 543530 and 5650.
1130
Calculate the greatest common divisor of 11106 and 18.
18
Calculate the highest common divisor of 246372 and 168.
84
What is the highest common factor of 66 and 62348?
22
What is the greatest common divisor of 150 and 36775?
25
What is the greatest common divisor of 3360240 and 78?
78
Calculate the greatest common factor of 221991 and 33.
33
What is the greatest common factor of 54 and 34974?
18
Calculate the highest common factor of 10715 and 55.
5
What is the greatest common divisor of 1424390 and 220?
110
Calculate the greatest common factor of 160 and 265280.
160
What is the greatest common factor of 14 and 132118?
14
Calculate the highest common factor of 84 and 27906.
6
Calculate the greatest common divisor of 45 and 4368.
3
What is the highest common divisor of 501438 and 168?
42
What is the greatest common divisor of 462 and 2037?
21
Calculate the highest common factor of 852 and 15608.
4
Calculate the greatest common factor of 100276 and 424.
212
Calculate the greatest common factor of 49 and 22687.
49
What is the greatest common factor of 3440 and 328?
8
Calculate the greatest common divisor of 750090 and 1870.
110
What is the highest common factor of 18 and 1074771?
9
Calculate the greatest common factor of 192 and 62032.
16
Calculate the greatest common divisor of 3925 and 4867.
157
What is the highest common divisor of 63519 and 333987?
2049
What is the greatest common divisor of 3344 and 6992?
304
Calculate the greatest common factor of 910 and 178815.
455
Calculate the highest common divisor of 11169 and 9486.
153
Calculate the greatest common factor of 455 and 765765.
455
What is the highest common factor of 69290 and 2542?
82
Calculate the highest common divisor of 5 and 25237.
1
Calculate the greatest common factor of 11891 and 77.
11
Calculate the greatest common factor of 1006120 and 40.
40
What is the greatest common divisor of 727405 and 245?
245
Calculate the greatest common divisor of 1068 and 319866.
534
Calculate the greatest common factor of 204272 and 3755.
751
What is the greatest common divisor of 797713 and 581?
581
Calculate the greatest common factor of 952 and 32284.
28
Calculate the greatest common divisor of 1113 and 212.
53
Calculate the highest common factor of 28125 and 108.
9
What is the greatest common factor of 1170 and 210240?
90
What is the highest common factor of 1148792 and 136?
136
What is the greatest common divisor of 1676 and 125281?
419
Calculate the greatest common factor of 16177 and 7.
7
What is the greatest common factor of 250236 and 864?
108
Calculate the greatest common divisor of 242 and 15642.
22
What is the highest common divisor of 332 and 1411?
83
What is the highest common divisor of 2909310 and 1110?
1110
Calculate the highest common factor of 74 and 25234.
74
What is the highest common factor of 1328 and 31706?
166
Calculate the greatest common factor of 1580094 and 783.
783
What is the highest common factor of 48 and 106864?
16
Calculate the highest common divisor of 106670 and 2.
2
Calculate the highest common divisor of 9503 and 2197.
13
Calculate the highest common factor of 57 and 41895.
57
What is the greatest common factor of 128825 and 50?
25
Calculate the highest common divisor of 22238 and 8.
2
Calculate the greatest common factor of 51009 and 882.
147
What is the greatest common divisor of 62608 and 752?
16
Calculate the greatest common divisor of 113267 and 616.
77
What is the highest common divisor of 651 and 11811?
93
Calculate the greatest common factor of 250880 and 36260.
980
What is the greatest common divisor of 264 and 123805?
11
Calculate the greatest common divisor of 126 and 1224.
18
Calculate the greatest common factor of 340900 and 4383.
487
What is the highest common factor of 249 and 18159?
3
What is the highest common divisor of 11 and 6677?
11
Calculate the highest common divisor of 13958 and 72781.
997
Calculate the greatest common factor of 938893 and 34.
17
Calculate the greatest common factor of 1887 and 95127.
111
Calculate the greatest common divisor of 75364 and 6972.
332
What is the highest common divisor of 2115140 and 510?
170
What is the highest common divisor of 27013 and 7259?
119
What is the highest common factor of 14 and 973?
7
Calculate the greatest common factor of 10105 and 5.
5
Calculate the greatest common factor of 185182 and 212.
106
What is the highest common factor of 269 and 54607?
269
Calculate 